is -a - -3286?
327c
In base 5, what is 31341 - -32?
31423
In base 8, what is -20642 - 104?
-20746
In base 6, what is -142 + -20353?
-20535
In base 2, what is -110100 - -1111?
-100101
In base 12, what is 15a + -80?
9a
In base 4, what is -33 - 20110?
-20203
In base 5, what is 2301443303 - 1?
2301443302
In base 13, what is -1131 - 8a1?
-1a02
In base 13, what is -3b4c + 0?
-3b4c
In base 10, what is 167925 - 13?
167912
In base 16, what is 2 - -10dc?
10de
In base 11, what is 3732 - 334?
33a9
In base 15, what is -8b - -42?
-49
In base 15, what is -5 + 6b324?
6b31e
In base 13, what is 0 + 198145?
198145
In base 2, what is 110010 + -110011011?
-101101001
In base 15, what is -5c - -3c43?
3bd6
In base 14, what is 1 + -1d25b?
-1d25a
In base 16, what is ae + -525?
-477
In base 4, what is -11 - -102211?
102200
In base 12, what is 3 - -a2195?
a2198
In base 14, what is -51cd4 - 13?
-51d07
In base 4, what is -13221110300 - -11?
-13221110223
In base 5, what is 202 - 102301?
-102044
In base 8, what is -3 - -120344?
120341
In base 3, what is 10 + -1002201211?
-1002201201
In base 14, what is -d64 - 2c7?
-124b
In base 11, what is -74a - -28a1?
2152
In base 13, what is 9 + 223a?
2246
In base 9, what is 56 - -2407?
2464
In base 3, what is 101101122011 - -2?
101101122020
In base 5, what is -10 - -204441?
204431
In base 6, what is 24325 - -4?
24333
In base 2, what is 100001 + -11010101110?
-11010001101
In base 6, what is 1 - 4514154?
-4514153
In base 2, what is -101000100 - 11100011100?
-100001100000
In base 8, what is 751517 - 3?
751514
In base 4, what is -3311322200 + 0?
-3311322200
In base 9, what is -6031 - 422?
-6453
In base 13, what is 610 + -11?
5cc
In base 7, what is 40 - -211156?
211226
In base 2, what is -110 + -1011100111100000100?
-1011100111100001010
In base 11, what is 0 - 189a8?
-189a8
In base 15, what is -41 - 684?
-6c5
In base 12, what is 14 + 2963?
2977
In base 9, what is -1253514 - -3?
-1253511
In base 10, what is 68713 + 8?
68721
In base 12, what is 229 - -110?
339
In base 2, what is -10 - 1110010100111001?
-1110010100111011
In base 16, what is 175f + -c?
1753
In base 4, what is 1003303 - -213?
1010122
In base 7, what is -102135 - 45?
-102213
In base 11, what is -11 - -184?
173
In base 8, what is 1 - 2467?
-2466
In base 14, what is -15c0 + 19?
-15a5
In base 8, what is 32 + -700?
-646
In base 13, what is 10236 - c?
10227
In base 14, what is 4 - 144?
-140
In base 8, what is -1 + -531301?
-531302
In base 16, what is 13ae - 2?
13ac
In base 7, what is 2330514 - 0?
2330514
In base 10, what is -351 + 74?
-277
In base 15, what is 342 + -c6?
26b
In base 12, what is 6 - 42863?
-42859
In base 5, what is 21040 - -11422?
33012
In base 10, what is 246 - -218?
464
In base 11, what is 73 - -5a0?
663
In base 12, what is 4372 - 2?
4370
In base 9, what is 0 + -436382?
-436382
In base 2, what is 1001010011100 - -11?
1001010011111
In base 3, what is -201021 + 110102020?
102200222
In base 6, what is -3 + 15114?
15111
In base 3, what is 12001220 + 12?
12002002
In base 4, what is 32230 - 101033?
-2203
In base 2, what is -10100101100 - -10110?
-10100010110
In base 9, what is 1381 - -567?
2058
In base 13, what is 154b4 + -c?
154a5
In base 6, what is -2501 + 100?
-2401
In base 7, what is -4 - 300306?
-300313
In base 5, what is 102021 + -224?
101242
In base 14, what is -5 + 5bd1?
5bca
In base 10, what is 1 + -4812?
-4811
In base 2, what is 1010010111000100 - 0?
1010010111000100
In base 14, what is -19b6a - 22?
-19b8c
In base 16, what is 1 + 2881?
2882
In base 14, what is -28a - -1263?
db7
In base 13, what is 22 - -723?
745
In base 10, what is 151 - 28?
123
In base 5, what is -13 - 10033142?
-10033210
In base 15, what is 259 + -4?
255
In base 7, what is 2 - 6223?
-6221
In base 12, what is -506 + -a2?
-5a8
In base 10, what is -3 + 22988?
22985
In base 13, what is 47230 - -5?
47235
In base 11, what is 19116 + 2?
19118
In base 12, what is b15 + -3?
b12
In base 16, what is 3c - -21f?
25b
In base 16, what is 2 - -10eb5?
10eb7
In base 14, what is -505 + 5?
-500
In base 13, what is 5c16 - 3?
5c13
In base 6, what is -23130 - -22?
-23104
In base 7, what is 120 - -4033?
4153
In base 14, what is 689b91 - 2?
689b8d
In base 2, what is 10011011101100 - -101?
10011011110001
In base 2, what is 100000011 + 11101?
100100000
In base 6, what is 1311 - -32?
1343
In base 5, what is 422340 + 0?
422340
In base 12, what is 10075 + -39?
10038
In base 15, what is 2c86a - -5?
2c870
In base 6, what is 105 - -352532?
353041
In base 11, what is 3 + 101632?
101635
In base 3, what is 0 - -20212011212?
20212011212
In base 5, what is 312101 - 1?
312100
In base 3, what is -111022202 - -2?
-111022200
In base 8, what is -111423 - 5?
-111430
In base 3, what is 0 + 201112102120?
201112102120
In base 14, what is 12860d - 3?
12860a
In base 5, what is 2331031 + -13?
2331013
In base 14, what is -404 + -6?
-40a
In base 12, what is -30b4 - 3?
-30b7
In base 13, what is 8 + 4c60?
4c68
In base 10, what is 34 + -36215?
-36181
In base 14, what is 5 - 51c18?
-51c13
In base 8, what is 453171 - 5?
453164
In base 11, what is 725 - 596?
13a
In base 4, what is 132310 - -122?
133032
In base 15, what is -c - 2543?
-2550
In base 2, what is 11000101011101 + -101101?
11000100110000
In base 14, what is -3191 + 15?
-317a
In base 13, what is -49096a + 4?
-490966
In base 13, what is 5 + 1b535?
1b53a
In base 8, what is -326716 - -5?
-326711
In base 6, what is 130203441 - -4?
130203445
In base 4, what is 3 + -12002110?
-12002101
In base 4, what is -11 - 1032331?
-1033002
In base 13, what is 2a7 + 1172?
1449
In base 4, what is -2 + 30133002?
30133000
In base 6, what is 134 + 12200?
12334
In base 6, what is -414 - 54405?
-55223
In base 8, what is -345 - 2015?
-2362
In base 2, what is -10101110111110010111 - 0?
-10101110111110010111
In base 2, what is 11011110010001111 - -11?
11011110010010010
In base 14, what is -203c - 42?
-2080
In base 7, what is -41 + -5332?
-5403
In base 12, what is -17 + -27aa?
-2805
In base 15, what is 8a - 62?
28
In base 10, what is -197493 - -4?
-197489
In base 3, what is -10021022 - -20?
-10021002
In base 12, what is 512 - -5?
517
In base 12, what is -6bb + -78?
-777
In base 13, what is -1 - 2130?
-2131
In base 11, what is -3 + 9797a?
97977
In base 6, what is -13 - -4143450?
4143433
In base 13, what is -222 - -1609?
13b7
In base 11, what is -14072a - -2?
-140728
In base 9, what is 684568 + -6?
684562
In base 8, what is -13 - 37?
-52
In base 5, what is -212002011 - 1?
-212002012
In base 12, what is 21 - 1136?
-1115
In base 12, what is -2 - 4285?
-4287
In base 7, what is -5031 + -1325?
-6356
In base 12, what is 16573 - 2?
16571
In base 9, what is -735 + 56?
-668
In base 14, what is -462d58 - 1?
-462d59
In base 3, what is 20012201 - -120?
20020021
In base 14, what is -278718 + 5?
-278713
In base 5, what is 10 + -12310101?
-12310041
In base 6, what is 111 - -35332?
35443
In base 5, what is -1311 + -344?
-2210
In base 8, what is -2101 - 72?
-2173
In base 15, what is -5db8 + 1?
-5db7
In base 7, what is -2 - -103660?
103655
In base 13, what is 3948 + -9?
393c
In base 13, what is 8 + -209569?
-209561
In base 13, what is 59510 - 1?
5950c
In base 11, what is 1426 + a1?
1517
In base 3, what is -1112 - 200020000?
-200021112
In base 12, what is -6832 + 6?
-6828
In base 3, what is 11 + 11102212220?
11102220001
In base 6, what is -4 + 11034?
11030
In base 16, what is -3d7c3 - -3?
-3d7c0
In base 9, what is -72 - -61?
-11
In base 4, what is 20313 + -131102?
-110123
In base 4, what is -211 + 2302?
2031
In base 4, what is -12203 - 1123?
-13332
In base 13, what is -281 - -107?
-177
In base 7, what is -62451 + 221?
-62230
In base 2, what is 1100010110 + 1101001010?
11001100000
In base 10, what is 44 - -1053?
1097
In base 13, what is -483438 + -3?
-48343b
In base 8, what is 237116 + 2?
237120
In base 6, what is -252 - -1105?
413
In base 10, what is 969295 + -1?
969294
In base 8, what is 246 + -21?
225
In base 14, what is 3c + -2b?
11
In base 10, what is 275 - -608?
883
In base 11, what is 14 + 317a1?
31805
In base 6, what is -5 + -50544?
-50553
In base 8, what is -13 + -4057?
-4072
In base 2, what is -100110001001110 + -100?
-100110001010010
In base 10, what is -5 + -162193?
-162198
In base 13, what is 5 - -36870?
36875
In base 14, what 